, 2 = -w - u. What are the prime factors of 1/5 + (-64)/w?
13
Let m be 10/4*(3 - 1). Suppose -v = v - 2*u - 44, 60 = 5*v + m*u. What are the prime factors of v?
17
Suppose 65 = o - 20. Let f = -60 + o. List the prime factors of f.
5
Let d be 6/(-8) + 209/44. Suppose d*m - 69 + 5 = 0. What are the prime factors of m?
2
Let w(i) be the third derivative of i**4/24 - i**3/6 - 2*i**2. Let t be w(4). Let s = 5 - t. List the prime factors of s.
2
Let l = 26 + -5. What are the prime factors of l?
3, 7
Suppose 98 - 1490 = -8*r. What are the prime factors of r?
2, 3, 29
Suppose -5*j + 19 + 1 = 0. Suppose -4*n - 5*i + 107 = 0, -j*n + 5*i - 2*i = -83. Suppose -5*k - 3 = -n. List the prime factors of k.
2
Suppose -3*b - 5*k = -b - 23, 0 = -5*b + 5*k + 5. Let l be (-6 + 10)*3/b. List the prime factors of (l/(-1))/1 + 18.
3, 5
Suppose 7*o + 2*m = 3*o + 4, -o + m = 2. Suppose 4*p + 4 = -f, o = -2*f + 2*p + 6 + 26. What are the prime factors of f?
2, 3
Let i(s) = -8*s + 87. What are the prime factors of i(6)?
3, 13
Let u(b) = 3*b - 3. Let q be u(3). Suppose 0 = -k + 2*k - 3*x + q, -3*k + 5*x = 2. List the prime factors of k.
2, 3
Let n = 337 + -186. What are the prime factors of n?
151
Let b(h) = 4*h**2 + 3 + h - 1 + 0. What are the prime factors of b(2)?
2, 5
Suppose -4*u - 52 = 3*o + 2*o, -16 = 2*o + 4*u. List the prime factors of (6/4)/((-6)/o).
3
Suppose -11*p = -14*p + 126. What are the prime factors of p?
2, 3, 7
Let p(s) = s**3 - 4*s**2 + 13*s + 1. What are the prime factors of p(5)?
7, 13
Suppose -369 = -3*i + r - 40, -2*i + r = -221. Let y = i + -74. List the prime factors of y.
2, 17
Suppose 0 = -5*h + 4*y + 43 - 8, -5*h = 3*y. Let q = 26 + -18. Let u = q - h. List the prime factors of u.
5
Let u(j) = -3*j**2 + 3*j - 2. Let n be u(2). Let s = 14 + n. Suppose -f - f = -s. List the prime factors of f.
3
Suppose -4*t = -3*g + 12, -2*t - 9 = t - g. Let c = t - -7. Suppose -16 = -3*j - 2*j - 3*q, -c*j = q - 17. What are the prime factors of j?
5
Suppose -8*i + 4*i - 20 = -4*o, -5 = -o - 2*i. Suppose -o*t = 3*g - 70, 0*t - 2*t + 17 = -g. What are the prime factors of t?
11
Let c = -7 - -11. Suppose c*r - 5 = 51. What are the prime factors of r?
2, 7
Let z(m) = m**2 + 4*m - 5. Suppose 0 = 2*v + 2*t - 9 + 27, 2*v - 6 = 4*t. Let a be z(v). Suppose a*o - o = -3. List the prime factors of o.
3
Let y(c) = -6*c - 10. List the prime factors of y(-5).
2, 5
Let h(f) = f**2 - 6 + 3*f**2 - 2*f**2 + 6*f. Let m(l) = -l**3 + 9*l**2 - 8*l - 5. Let x be m(8). What are the prime factors of h(x)?
2, 7
Suppose 14 = -3*n + 2. Let s = 19 - n. What are the prime factors of s?
23
Suppose 3*p = 5*n - 0*p - 22, -14 = -n + 3*p. Suppose -n*c = -10 - 2. What are the prime factors of c/4*(-64)/(-12)?
2
Let c(u) = -2*u**3 - 6*u - 6*u**2 - u**3 - 1 + 2*u**3 - u. List the prime factors of c(-6).
41
Suppose 2*m - 3*l + 11 = 0, -4*m + 3*l = 7 + 6. Let y(q) = 11*q**2. List the prime factors of y(m).
11
Let n(r) = -r**3 - 6*r**2 - 8*r + 4. List the prime factors of n(-7).
109
Let l be (-2)/(((-5)/2)/5). Suppose -5*p - 30 = -4*m, -l*p = 2*m - 31 + 3. What are the prime factors of m?
2, 5
Let u = -43 - -73. List the prime factors of u.
2, 3, 5
Let z = 85 - 3. List the prime factors of z.
2, 41
Suppose -2*d + 496 = 2*f + 112, -f + 207 = -4*d. What are the prime factors of f?
3, 5, 13
Let m(r) = 36*r. What are the prime factors of m(1)?
2, 3
Suppose 0 = -4*m - 131 + 31. Let j = -15 - m. Let d = -7 + j. List the prime factors of d.
3
Suppose -z - 51 = -2*l, -2*l - 6*z + 56 = -2*z. Let t = 22 + -36. Let f = l + t. List the prime factors of f.
2, 3
List the prime factors of (102/18)/(1/3).
17
Let f(q) = 5*q**2 - 2*q - 2. Let a be f(-2). Suppose 0 = -m - b + a, 3*b = -2*m + 66 - 22. What are the prime factors of m?
2, 11
Suppose 18 - 6 = 4*o. Suppose o*c = -c - 28. Let r(u) = u + 9. List the prime factors of r(c).
2
Suppose -4*k + 1130 = g, 3*g + g = 3*k - 838. List the prime factors of k.
2, 3, 47
Let s = 12 - 27. What are the prime factors of 4/5 - 18/s?
2
Suppose 0 = 2*b + 2*j, -j = 2*b - 7 + 3. Suppose 0 = b*h - 12, 0*r - 3*r - 3*h = -27. List the prime factors of r/(-21) - (-102)/14.
7
Suppose 2*g = 3*o + o + 8, -g + 4 = o. Let x = o - -21. Suppose 5*i = 9 + x. What are the prime factors of i?
2, 3
What are the prime factors of 5 + (5 + -3)/2?
2, 3
Suppose -125 = -a - 4*b + 3*b, -3*a + 5*b + 399 = 0. List the prime factors of a.
2
Suppose -3*d + 0*d + 42 = 0. What are the prime factors of d?
2, 7
Let k(q) be the third derivative of 3/8*q**4 + 0*q + 2*q**2 + 1/3*q**3 - 1/60*q**5 + 0. List the prime factors of k(8).
2, 5
Suppose 15*y = 19*y - 24. Suppose -188 = -y*r - 8. What are the prime factors of r?
2, 3, 5
Suppose 0 = -5*b + 11 - 1. Suppose d - 2*p - 10 = -4*p, 0 = -b*d - 2*p + 12. Suppose -4*n + 18 = -d. List the prime factors of n.
5
Let o = -9 - -19. Suppose -2*h - 3*i + o = -2, 0 = 5*h + 2*i - 41. Suppose -10 = -5*a + 5*u, 3*a - h = -2*u - 3. List the prime factors of a.
2
Let r(w) be the first derivative of -w**2/2 + w - 2. Let d be r(-2). Suppose -t = -13 + d. List the prime factors of t.
2, 5
Let k(a) = 2*a**2 - 2*a**2 - 4*a**2 + 2 + a**3. Let m be k(4). Suppose u - 15 = -3*y - m*u, 4*u = y - 30. What are the prime factors of y?
2, 5
Let f(r) = -3*r + 9. Let y be f(-7). Let i(l) = -l**2 - l + 18. Let k be i(0). Let s = y - k. List the prime factors of s.
2, 3
Let y(u) = -5*u - 4. Suppose -5*a = -0*a + 35. List the prime factors of y(a).
31
Suppose -2*a = 3*i - 24, 4*i - 3*i + 76 = 4*a. What are the prime factors of a?
2, 3
Let z = 10 + 13. List the prime factors of z.
23
Let r = 28 - 17. List the prime factors of r.
11
Let u = 105 - 62. Suppose 4*y - 28 = y - m, 3*y - 2*m - u = 0. List the prime factors of 2/y - (-130)/11.
2, 3
Let l be 5/(-2)*-4 + 4. List the prime factors of 592/l + 2/(-7).
2, 3, 7
Let b(u) = -6*u - 8. List the prime factors of b(-4).
2
Let m(o) be the third derivative of -o**5/60 + 19*o**4/24 - 11*o**3/3 + 2*o**2. What are the prime factors of m(16)?
2, 13
Let s(o) = -o**2 + 5*o - 4. Let z be s(3). Suppose 0 = -3*w + 2*h - 13, 19 = -5*w + 3*h - z. List the prime factors of ((-18)/(-4))/(w/(-8)).
2, 3
Let b(i) be the first derivative of -i**4/4 + 8*i**3/3 + 9*i**2/2 + 10*i + 3. Let h be b(9). Let x = 15 - h. What are the prime factors of x?
5
Suppose -940 = 10*d - 3740. What are the prime factors of d?
2, 5, 7
Suppose m - 5*m = -4*u + 8, -5*m - 10 = 4*u. Suppose -7*i + 4*i + 3 = 0. What are the prime factors of i - (u - (5 + -1))?
5
Suppose 5*k = -5 - 30. Let z = 12 + k. What are the prime factors of z + -4 - (-14)/1?
3, 5
What are the prime factors of 26/(-39)*462/(-4)?
7, 11
Let d = 5 - 7. Let c be d*((-1 - 1) + 1). Suppose -c*o - 3 = -23. List the prime factors of o.
2, 5
Let q(a) be the second derivative of -a**5/40 - a**4/24 - a**3/3 - 2*a. Let x(z) be the second derivative of q(z). List the prime factors of x(-3).
2
Let o(q) = -2*q + 1. Let m be o(-1). Let t(x) = -2*x + x**3 + 10*x**2 - 10 + 3*x - m*x. What are the prime factors of t(-10)?
2, 5
Suppose -x = -2*p + 254 + 321, -1405 = -5*p - 4*x. List the prime factors of p.
3, 5, 19
Let c(n) = -n**3 - 7*n**2 + 6*n - 6. Let k be c(-8). Suppose -5*a + 5*r - 45 = 0, a + 4*r = -4*a - 18. Let f = k + a. What are the prime factors of f?
2
Suppose 5*m - 156 = 4*o, 2*m - o - 88 = -m. What are the prime factors of m?
2, 7
Let f = 11 + -9. Suppose 2*i - 3*i = -f. List the prime factors of i.
2
Suppose 4*g - 29 = 3*g + 2*m, 4*g - 2*m - 140 = 0. What are the prime factors of g?
37
Let v = 14 - 3. List the prime factors of v.
11
Suppose 0 = -0*x + x - 4*i - 35, -161 = -4*x - 5*i. List the prime factors of x.
3, 13
Let d(r) = 3*r**2 + r - 4. List the prime factors of d(-2).
2, 3
Suppose 3*c = -0*c + 9. Suppose y + 0*y + c = 0, -154 = -5*q - 2*y. List the prime factors of q.
2
Let a = -4 - 15. Let d = a + 32. Suppose 2*t - d = t. What are the prime factors of t?
13
Let n(h) = -h - 9. Let k be n(-11). Suppose 8*t - 20 = 3*t. Suppose k*p - t*p + 4 = 0. List the prime factors of p.
2
Let f be 1 + 0 + -1 - 0. Suppose f = -2*a + 3*a. Let x = 3 - a. List the prime factors of x.
3
Let i be ((-34)/4)/(11/22). Let x(t) = -4*t - 11. List the prime factors of x(i).
3, 19
Suppose 5*f + 2 - 12 = 0. Let p(d) = d + 1. Let w be p(f). Sup